3. Let d be l(-4). Let q be (-1)/(-2) - d/(-2). Let h(z) = -z**2 - z - 1. Let s(p) = 7*p**2 + 3*p + 6. Let i(k) = 5*h(k) + s(k). Determine i(q).
1
Let o(g) = -9*g**2 + 4 + 0*g**3 + 0*g**2 + 2*g - g**3. Let b(u) = u - 4*u**2 - 4*u**2 + u**3 - 1 - 2*u**3 + 4. Let a(t) = 6*b(t) - 5*o(t). Give a(-2).
2
Let w(s) = -4*s**2 + 3*s - 10. Let o(c) = 3*c**2 - 3*c + 9. Let l(v) = -5*o(v) - 4*w(v). What is l(4)?
23
Let h(y) be the second derivative of -9*y - 5/6*y**3 + 1/12*y**4 + 0 - 3*y**2. Determine h(6).
0
Suppose 5*f + 2*d + 27 = -48, 45 = -3*f + d. Let s = 9 + f. Let c(z) = -z**2 - 6*z + 8. Give c(s).
8
Let f be (-5)/(-30) + 14/6. Let n(v) be the second derivative of 1/3*v**3 - v - f*v**2 + 0. Calculate n(4).
3
Suppose i = 4*h + 4, i - 1 = -2*i + h. Let t = 1 + i. Let z(f) = -6*f + 1. Determine z(t).
-5
Let m = 3 + 0. Let s(h) = 0*h - 2*h**2 + m*h**2 + h + 0*h. Give s(-2).
2
Let b = 11 - 13. Let r(q) = 2*q**3 + 4*q**2 + 2*q - 2. What is r(b)?
-6
Let k(z) = 3*z**3. Let f be ((-8)/6)/(1/9). Let p = f + 13. Determine k(p).
3
Let u(o) = -o**3 + o**2 + o + 1. Let v be u(2). Let n be (-2 - v) + 2 - -3. Let h(t) be the second derivative of -t**3/3 + 5*t**2/2 - 4*t. Determine h(n).
-3
Let f(m) = m - 1. Suppose 2*n = 3*v + 11, -n - 9 = 3*v + 8. What is f(v)?
-6
Let q(k) = 10*k**2 + 0 - k**3 - 2*k - 1 - 9*k**2 + 2*k**3. Determine q(-2).
-1
Let r(f) = 3*f**2 - 5*f - 7. Let w(h) = 8*h**2 - 15*h - 20. Let p(z) = -11*r(z) + 4*w(z). What is p(-6)?
-9
Suppose 22*n = -21*n. Let x(b) = b**3 - 2*b**2 - 2*b - 3. Let g(m) = -5*m**3 + 11*m**2 + 11*m + 16. Let f(r) = 2*g(r) + 11*x(r). Calculate f(n).
-1
Let k = 8 - 8. Let u(n) be the third derivative of -n**6/120 + n**5/60 + n**4/24 - n**3/6 - n**2. Give u(k).
-1
Let d(i) = -26*i - 5. Let s(a) = 5*a + 1. Let t(y) = 2*d(y) + 11*s(y). Calculate t(2).
7
Let z(h) = -h + 14. Let k be (-3 - (-28)/8)*16. Calculate z(k).
6
Suppose -2*w + 0 = -4. Let g be (3/6)/(w/4). Let k(s) = 2*s - 3*s + g - s**2 - s. Give k(2).
-7
Let a(x) = -3*x - 44. Let r(j) = -j - 15. Suppose 1 + 7 = -f. Suppose 9 + 6 = 5*v. Let d(t) = f*r(t) + v*a(t). Determine d(-6).
-6
Let v(b) = -2*b**3 + 6*b**2 - 5*b - 2. Let l(i) = -i**2 + 2*i. Let p(u) = 3*l(u) + v(u). Determine p(-2).
24
Suppose 16 = 5*f + l, 2*f - l + 4 = 4*f. Let w(h) = -2*h + f - 4*h**2 + 3*h**2 - 2*h. Calculate w(-4).
4
Let v(u) = 4*u - 1. Let z(q) = -2*q**2 + 2*q**2 + q**2 + 7 + 7*q. Let y be z(-6). Calculate v(y).
3
Let j(z) = -2 + 5*z**2 - 3*z**2 + 2*z**3 + 4*z**2 + 4*z - z**3. Suppose 0 = -0*r - 2*r + 2. Let i be (-4 + r)*10/6. Determine j(i).
3
Suppose 4*m + 2*q - 2 = 0, 4*m - q - 2 - 15 = 0. Suppose 0 = -6*g + g. Let t(s) = g + 3*s**2 - s**3 - 2 - s + 6. Calculate t(m).
1
Let r be (-11)/(-3) - 6/9. Let w(p) = -3*p + 1 + 2*p**3 - r*p**3 - 2*p + 6*p**2. Calculate w(5).
1
Let q(t) = t**3 + t**2 + 2. Let w(g) = 9*g + 13*g + 6 - 21*g. Let l = -1 + -5. Let f be w(l). Determine q(f).
2
Let u be (2/(-3))/(2/3). Let l(f) = -5 - 2*f + 13*f + 0 + 4. Determine l(u).
-12
Let h(o) = -3*o**2 + 10*o - 4. Let w(k) = 4*k**2 - 11*k + 3. Let z(r) = -3*h(r) - 2*w(r). Give z(6).
-6
Let n be (12 + -3)/(-3) - -1. Let h be 2*12/3 + n. Let y = 7 - h. Let o(g) = 2*g. What is o(y)?
2
Let f = -8 - -4. Suppose -2*l - 1 = -5. Let v(y) = -y - l*y + y**2 - 4 + 7*y. Determine v(f).
-4
Let b(f) be the third derivative of f**7/2520 + f**6/144 - f**5/30 + f**4/8 - f**2. Let n(p) be the second derivative of b(p). Calculate n(-5).
-4
Let y(t) = -4*t. Let k be 15 - (3/(-3) - -4). Let v be ((-2)/(-4))/((-6)/k). What is y(v)?
4
Let o(k) = -k**2 + 6*k - 2. Let a be o(5). Let w(t) = t**3 - 2*t**2 - 22 + 21 - t**2. Calculate w(a).
-1
Let z(b) = 3*b**2 + 3*b + 3. Let v(y) = y + 4. Let o be v(-6). What is z(o)?
9
Let v be 32/12 + (-8)/12. Let w(j) be the first derivative of -j**3 + 3 - v*j - 1/4*j**4 + 3/2*j**2. What is w(-3)?
-11
Let x be (3/(-2 - -5))/((-1)/(-3)). Let f(w) = -w + 3. What is f(x)?
0
Let w(t) = -t - 3. Let f be w(-4). Let o = 10 - 5. Suppose y + a + f = 3*y, -o = a. Let d(z) = z**2 + 3*z + 2. Calculate d(y).
0
Let t(f) be the second derivative of f**7/840 - f**6/360 - f**5/120 - f**4/12 - f. Let i(v) be the third derivative of t(v). What is i(-1)?
4
Suppose 0 = -2*l - l + 6. Let s(w) = 3 - 1 + 4*w - 9*w + 4*w. Calculate s(l).
0
Let l be 4*(2 - 6/4). Let c(q) = 3*q + 2*q - q**3 + 2*q**l + 2*q - 5. Calculate c(4).
-9
Let m(n) be the first derivative of n**3/3 - 7*n**2/2 - 2*n + 39. Determine m(8).
6
Let y be 3/(((-1)/2)/(13/(-39))). Let a(b) = 3*b**3 - 2*b**2 - b - 2. What is a(y)?
12
Let r(v) be the first derivative of v**2/2 + 6*v - 25. Calculate r(-11).
-5
Let l(f) = 11*f - 1 - 7*f - 5*f. What is l(-2)?
1
Let n(j) be the second derivative of -j**6/120 + j**5/15 + 7*j**4/24 - j**3/3 - 2*j**2 - 2*j. Let t(p) be the first derivative of n(p). Determine t(5).
8
Suppose 4*t - 4*n + 33 = -t, 4*n + 57 = -5*t. Let f be 2/(-3) + (-42)/t. Let g be f + (-2)/1 - -3. Let j(c) = -2*c + 2. Calculate j(g).
-8
Let q be (-3 - (-3 + 0))/(-2). Let i = q - -4. Let p(t) = t - 3. Determine p(i).
1
Let x = -4 + 4. Let i(g) = g**3 - g**2 + g. Determine i(x).
0
Let t(k) be the third derivative of 0*k - k**2 + 1/60*k**5 + 0 - 1/6*k**3 - 1/24*k**4. Calculate t(4).
11
Let q(r) = -r**3 - 4*r**2 + 5*r + 3. Let k be q(-5). Let l be 4/k*(-18)/4. Let w(c) = -3*c - 7. What is w(l)?
11
Let l be ((-8)/(-20))/((-3)/(-30)). Let i(m) = m**3 - 5*m**2 + 3*m - 1. Determine i(l).
-5
Let z(a) = 9*a**3. Suppose 9*i = 5*i + 24. Let u be ((-2)/i)/(8/(-24)). Determine z(u).
9
Let a(x) be the third derivative of -x**4/24 + 5*x**3/6 - x**2. What is a(6)?
-1
Let g(l) = 9*l**3. Let t(f) = -f**2 + 13*f + 15. Let u be t(14). Determine g(u).
9
Suppose 7*s + 2*s = -45. Let m(c) = -2*c - 4. Give m(s).
6
Let p(n) = n + 3. Suppose -3*c + 85 = 28. Suppose c + 1 = 5*o. Let w be 6/(-4)*(-6 + o). Give p(w).
6
Let l(f) = -f**3 + 7*f**2 - 6. Suppose 3*n + 2 = -3*g + 14, 13 = g - 2*n. What is l(g)?
-6
Let u(q) be the first derivative of q**6/120 - q**5/12 + q**4/12 + q**3/3 - 4*q**2 + 8. Let p(i) be the second derivative of u(i). What is p(3)?
-10
Let y(h) = h**2 - 4*h - 3. Let w(p) = 2 + p + 0 - 3 + 14. Let t be w(-9). Calculate y(t).
-3
Let f(k) = 3*k**2 + 2*k + 3. Let g = 83 + -86. Calculate f(g).
24
Let j(n) = -7*n - 3. Suppose -20 + 0 = 4*o. Let m(a) = a**3 + 4*a**2 - 4*a + 3. Let v be m(o). Determine j(v).
11
Let x(w) = 6 - w + 1 - 8*w + w**2 + 0*w. Let n(f) = -f**2 - 8*f + 5. Let g be n(-8). Calculate x(g).
-13
Suppose -5*b = -10, 7 = -2*n + 3*n + 3*b. Let w(g) = 28*g - 25*g + n - 6. Give w(4).
7
Let h be 3/(-5) - 84/10. Let v be 96/h - (-4)/6. Let f be (-48)/v + (-1)/(-5). Let o(l) = -l**2 + 5*l + 5. Give o(f).
5
Let b(y) = 3*y + 2. Suppose -30 = 6*r - 12*r. Calculate b(r).
17
Let k = 7 + -2. Let m(n) be the second derivative of -n**3/6 + n**2/2 + 12*n. What is m(k)?
-4
Let h be ((-4)/5)/((-1)/5). Suppose -h*o + 2*d = 0, d - 5*d + 9 = o. Let k(b) be the first derivative of 3*b**2/2 - 1. What is k(o)?
3
Suppose -4*q - 1 - 1 = -3*l, -l = -5*q - 8. Let b(p) = -4*p**2 - 4*p**3 - p + p**3 + 2*p**3. Let n(k) = -k**2 - 1. Let r(j) = b(j) - n(j). Determine r(l).
-1
Let m(b) = 7*b**3 + 9*b**2 + 15*b - 8. Let c(k) = 4*k**3 + 4*k**2 + 8*k - 4. Let f(v) = 5*c(v) - 3*m(v). Calculate f(-6).
-2
Let p = 69 - 69. Let j(n) be the first derivative of -1 + p*n + 1/2*n**2. Determine j(-5).
-5
Let j = 31 + -40. Let u(y) = y + 10. Determine u(j).
1
Suppose 5*i = 5*c + 25, 0 = 3*i - 6*i + 2*c + 13. Let r(g) = -11 - i - 2*g + 7 + 0*g. Calculate r(-5).
3
Let f(c) = -3*c - 9*c**2 - 1 - 2*c**2 + 12*c**2. Let q be 7*(0 + 6/21). Determine f(q).
-3
Let c(y) = 5*y**2 - 4*y + 2. Let r(m) = -4*m**2 + 4*m - 2. Let f(l) = 5*c(l) + 6*r(l). Determine f(-6).
10
Let s(w) = w - 2. Let p be s(6). Let h(t) = -p + 2 - 1 - t - t. Give h(-6).
9
Let o be (-4)/(-7) - (-238)/98. Let q(l) be the first derivative of l**4/4 - l**3 + 3*l**2/2 - 3*l - 1. Calculate q(o).
6
Let r(c) be the first derivative of c**3/3 - c**2/2 - 2*c - 10. Let d(n) = n**3 + 6*n**2 + 2. Suppose -2*g + 0 = 12. Let p be d(g). What is r(p)?
0
Let t be (5/3)/(1/(-3)). Suppose -4 = -4*u + 32. Let r(j) = -5 + u + 3 + 3*j. Give r(t).
-8
Suppose 2*x - 6 = 2, 4*x - 7 = 3*c. Let w(l) be the second derivative of 2*l - 1 - l**c + 1. Determine w(1).
-6
Suppose